{"id":571,"date":"2016-01-19T12:09:14","date_gmt":"2016-01-19T17:09:14","guid":{"rendered":"https:\/\/avecfreud.dscarfone.com\/?page_id=571"},"modified":"2026-03-18T15:07:40","modified_gmt":"2026-03-18T19:07:40","slug":"documents-2","status":"publish","type":"page","link":"https:\/\/avecfreud.dscarfone.com\/?page_id=571","title":{"rendered":"Documents"},"content":{"rendered":"\n<p><strong>Note importante-&nbsp;<\/strong>En tant que membres du s\u00e9minaire, vous avez acc\u00e8s aux&nbsp;documents &nbsp;ci-dessous, dont plusieurs sont prot\u00e9g\u00e9s par copyright et par cons\u00e9quent&nbsp;destin\u00e9s \u00e0 un usage&nbsp;<em>strictement personnel<\/em>, pour le&nbsp;b\u00e9n\u00e9fice&nbsp;de votre travail en s\u00e9minaire.&nbsp;En les consultant, vous vous engagez \u00e0 ne pas les faire circuler en dehors du s\u00e9minaire. Merci!<\/p>\n\n\n\n<p>_________________________________________<\/p>\n\n\n\n<p><\/p>\n\n\n\n<p><a href=\"http:\/\/transvirtuel.com\/deMUzan-Berlin07.mp3\"><strong>DOCUMENT AUDIO<\/strong>: ENTRETIEN AVEC MICHEL DE M\u2019UZAN, BERLIN, 2007<\/a><\/p>\n\n\n\n<p><strong>TEXTES<\/strong><\/p>\n\n\n\n<p><a href=\"https:\/\/avecfreud.dscarfone.com\/wp-content\/uploads\/2021\/12\/Freud-1899-SouvenirsEcrans.pdf\">Freud (1899) Sur les souvenirs-\u00e9crans<\/a><\/p>\n\n\n\n<p><strong><a href=\"https:\/\/avecfreud.dscarfone.com\/wp-content\/uploads\/2025\/02\/Freud-1911-Formulations-sur-les-deux-principes.pdf\">Freud (1911) Formulations sur les deux principes du cours des \u00e9v\u00e9nements psychiques.<\/a><\/strong><\/p>\n\n\n\n<p><a href=\"https:\/\/avecfreud.dscarfone.com\/wp-content\/uploads\/2025\/04\/Freud-1923-Remarques-theorie-et-pratique-int.-reve.pdf\">Freud (1923) Remarques sur la th\u00e9orie et la pratique de l&rsquo;int. du r\u00eave<\/a><\/p>\n\n\n\n<p><a href=\"https:\/\/avecfreud.dscarfone.com\/wp-content\/uploads\/2019\/07\/ANDR\u00c9-J.-2018-LINCONSCIENT-IGNORE-LE-TEMPS-LA-PATIENCE.pdf\">Andr\u00e9, J. &#8211; L&rsquo;inconscient ignore le temps, a fortiori la patience.<\/a><\/p>\n\n\n\n<p><a href=\"https:\/\/avecfreud.dscarfone.com\/wp-content\/uploads\/2016\/01\/Unconscious-phantasy.pdf\">Bohleber, W. &amp; al. Unconscious phantasy, an attempt at conceptual integration<\/a><\/p>\n\n\n\n<p><a href=\"https:\/\/avecfreud.dscarfone.com\/wp-content\/uploads\/2021\/08\/Calvino-Pourquoi-lire-les-classiques-Extraits.pdf\"><strong>Calvino- Pourquoi lire les classiques (extraits).<\/strong><\/a><\/p>\n\n\n\n<p><a href=\"https:\/\/avecfreud.dscarfone.com\/wp-content\/uploads\/2020\/10\/Chicoine-Brathwaite-Scarfone-2020-Regard.pdf\">Chicoine Brathwaite &amp; Scarfone &#8211; Regard autopo\u00ef\u00e9tique sur le cadre et le processus psychanalytique.<\/a><\/p>\n\n\n\n<p><a href=\"https:\/\/avecfreud.dscarfone.com\/wp-content\/uploads\/2021\/04\/de-MUzan-2000-MasochismeQuantite.pdf\">de M\u2019Uzan &#8211; Le masochisme pervers et la question de la quantit\u00e9<\/a><\/p>\n\n\n\n<p><a href=\"https:\/\/avecfreud.dscarfone.com\/wp-content\/uploads\/2021\/01\/de-MUzan-Les-esclaves...pdf\">de M\u2019Uzan- Les esclaves de la quantit\u00e9<\/a><\/p>\n\n\n\n<p><a href=\"https:\/\/avecfreud.dscarfone.com\/wp-content\/uploads\/2016\/01\/de-M\u2019Uzan-Affect-et-processus.pdf\">de M\u2019Uzan-Affect et processus d&rsquo;affectation<\/a><\/p>\n\n\n\n<p><a href=\"https:\/\/avecfreud.dscarfone.com\/wp-content\/uploads\/2017\/11\/deMUzan-La-corrida.pdf\">de M&rsquo;Uzan-La corrida<\/a>&#8230;et en de\u00e7a<\/p>\n\n\n\n<p><a href=\"https:\/\/avecfreud.dscarfone.com\/wp-content\/uploads\/2019\/01\/Michel-de-MUzan-INTERPR\u00c9TER...-1.pdf\">de M\u2019Uzan &#8211; INTERPR\u00c9TER: POUR QUI? POURQUOI?<\/a><\/p>\n\n\n\n<p><a href=\"https:\/\/avecfreud.dscarfone.com\/wp-content\/uploads\/2016\/10\/Friedman-discrete-and-continuous.pdf\">Friedman- The discrete and the continuous&#8230;<\/a><\/p>\n\n\n\n<p><a href=\"https:\/\/avecfreud.dscarfone.com\/wp-content\/uploads\/2016\/02\/Friston-Free-enrgy-Nature.pdf\" rel=\"\">Friston-Free energy-(Nature<\/a>) (Lecture plut\u00f4t \u00ab\u00a0aride\u00a0\u00bb. Pour les mordus de neurosciences.)<\/p>\n\n\n\n<p><a href=\"https:\/\/avecfreud.dscarfone.com\/wp-content\/uploads\/2019\/11\/Udo-HOCK-Entstellung.pdf\">HOCK <\/a><a href=\"https:\/\/avecfreud.dscarfone.com\/wp-content\/uploads\/2019\/11\/Udo-HOCK-Entstellung.pdf\">Udo <\/a><em><a href=\"https:\/\/avecfreud.dscarfone.com\/wp-content\/uploads\/2019\/11\/Udo-HOCK-Entstellung.pdf\">&#8211; Entstellung<\/a><\/em><\/p>\n\n\n\n<p><a href=\"https:\/\/avecfreud.dscarfone.com\/wp-content\/uploads\/2016\/03\/Imbeault-PetitGrandInf.pdf\" rel=\"\">Imbeault- Petit &amp; Grand Infantile<\/a><\/p>\n\n\n\n<p><a href=\"https:\/\/avecfreud.dscarfone.com\/wp-content\/uploads\/2020\/04\/Imbeault-Jaime-version2.3.pdf\">Imbeault- \u00ab J&rsquo;aime. \u00bb &#8211; Qu&rsquo;est-ce qu&rsquo;un lien affectif?<\/a><\/p>\n\n\n\n<p><a href=\"https:\/\/avecfreud.dscarfone.com\/wp-content\/uploads\/2016\/08\/Isaacs-NatureFunction-of-Phantasy.pdf\">Isaacs-Nature&amp;Function of Phantasy<\/a><\/p>\n\n\n\n<p><a href=\"https:\/\/avecfreud.dscarfone.com\/wp-content\/uploads\/2025\/03\/Laplanche-Faut-il-reecrire-le-chapitre-VII.pdf\"><strong>Laplanche (2000) Faut-il r\u00e9\u00e9crire le chapitre VII?<\/strong><\/a><\/p>\n\n\n\n<p><a href=\"https:\/\/avecfreud.dscarfone.com\/wp-content\/uploads\/2016\/01\/Laplanche-Interpr.pdf\" rel=\"\">Laplanche &#8211; Interpr\u00e9ter [avec] Freud<\/a>&nbsp;(tir\u00e9 de: <em>Le primat de l&rsquo;autre en psychanalyse<\/em>, Flammarion, coll. Champs, 1992)<\/p>\n\n\n\n<p><a href=\"https:\/\/avecfreud.dscarfone.com\/wp-content\/uploads\/2020\/11\/LP-Article-INVESTISSEMENT.pdf\">Laplanche&amp;Pontalis &#8211; INVESTISSEMENT<\/a><\/p>\n\n\n\n<p><a href=\"https:\/\/avecfreud.dscarfone.com\/wp-content\/uploads\/2016\/08\/Fantasme-originaire-LP.pdf\">Laplanche &amp; Pontalis- Fantasme originaire&#8230;<\/a><\/p>\n\n\n\n<p><a href=\"https:\/\/avecfreud.dscarfone.com\/wp-content\/uploads\/2017\/01\/LeclaireScarfone-VersUneConception-RFP.pdf\">Leclaire&amp;Scarfone-Vers Une Conception Unitaire de l&rsquo;\u00e9preuve de r\u00e9alit\u00e9<\/a><\/p>\n\n\n\n<p><a href=\"https:\/\/avecfreud.dscarfone.com\/wp-content\/uploads\/2017\/01\/LeclaireScarfone-Epreuve-de-realite-et-jeu.pdf\">Leclaire&amp;Scarfone-\u00c9preuve de r\u00e9alit\u00e9 et jeu<\/a><\/p>\n\n\n\n<p><a href=\"https:\/\/avecfreud.dscarfone.com\/wp-content\/uploads\/2021\/01\/Marty-Depression-essentielle.pdf\">Marty. P. &#8211; La d\u00e9pression essentielle.<\/a><\/p>\n\n\n\n<p><a href=\"https:\/\/avecfreud.dscarfone.com\/wp-content\/uploads\/2016\/10\/R.-Major-Le-gout-du-pouvoir.pdf\">Major, Ren\u00e9-&nbsp;Le go\u00fbt du&nbsp;pouvoir.<\/a><\/p>\n\n\n\n<p><a href=\"https:\/\/avecfreud.dscarfone.com\/wp-content\/uploads\/2018\/09\/EmmanuelP-Sur-Oeuvre-de-FJullien.pdf\">Pich\u00e9, Emmanuel: texte sur L&rsquo;\u0153uvre de Fran\u00e7ois Jullien<\/a><\/p>\n\n\n\n<p><a href=\"https:\/\/avecfreud.dscarfone.com\/wp-content\/uploads\/2018\/08\/Causality-and-Psychoanalysis-Reiner.pdf\">Reiner- Causality and Psychoanalysis &nbsp;(1922)<\/a><\/p>\n\n\n\n<p><a href=\"https:\/\/avecfreud.dscarfone.com\/wp-content\/uploads\/2016\/01\/DS-Rapport-CPLF2014.pdf\" rel=\"\">Scarfone&nbsp;&#8211;&nbsp;L&rsquo;impass\u00e9. Actualit\u00e9 de l&rsquo;inconscient-Rapport&nbsp;au&nbsp;CPLF 2014<\/a><\/p>\n\n\n\n<p><a href=\"https:\/\/avecfreud.dscarfone.com\/wp-content\/uploads\/2016\/01\/Scarfone-Les-Pulsions.pdf\" rel=\"\">Scarfone &#8211; Les Pulsions<\/a><\/p>\n\n\n\n<p><a href=\"https:\/\/avecfreud.dscarfone.com\/wp-content\/uploads\/2019\/10\/Scarfone-2007-La-R\u00e9p\u00e9titionFR.pdf\">Scarfone &#8211; La R\u00e9p\u00e9tition<\/a><\/p>\n\n\n\n<p><a href=\"https:\/\/avecfreud.dscarfone.com\/wp-content\/uploads\/2019\/10\/Scarfone-20072011-Repetition-between-meaning-and-presence.pdf\">Scarfone &#8211; Repetition between meaning and presence.<\/a><\/p>\n\n\n\n<p><a href=\"https:\/\/avecfreud.dscarfone.com\/wp-content\/uploads\/2016\/03\/Scarfone-LesTroisEssais.pdf\" rel=\"\">Scarfone- Sur Les Trois Essais<\/a>&nbsp;de Freud<\/p>\n\n\n\n<p><a href=\"https:\/\/avecfreud.dscarfone.com\/wp-content\/uploads\/2017\/01\/Scarfone-Fantasme-et-processus.pdf\">Scarfone-Fantasme et processus<\/a>&nbsp;de fantasmatisation-Version publi\u00e9e.<\/p>\n\n\n\n<p><a href=\"https:\/\/avecfreud.dscarfone.com\/wp-content\/uploads\/2018\/08\/Une-psychanalyse-en-mouvement.pdf\">Scarfone &#8211; <\/a><a href=\"https:\/\/avecfreud.dscarfone.com\/wp-content\/uploads\/2018\/08\/Une-psychanalyse-en-mouvement.pdf\">Une psychanalyse en mouvement (Savoir et psychanalyse) (2016)<\/a><\/p>\n\n\n\n<p><a href=\"https:\/\/avecfreud.dscarfone.com\/wp-content\/uploads\/2018\/08\/Linconscient-qui-parle....pdf\">Scarfone- L&rsquo;inconscient qui parle et l&rsquo;inconscient dont on parle- (2015)<\/a><\/p>\n\n\n\n<p><a href=\"https:\/\/avecfreud.dscarfone.com\/wp-content\/uploads\/2018\/08\/De-la-disoponibilite-au-transfert.pdf\">Scarfone- De la disponibilit\u00e9 au transfert-Scarfone (2018)<\/a><\/p>\n\n\n\n<p><a href=\"https:\/\/avecfreud.dscarfone.com\/wp-content\/uploads\/2020\/10\/Scarfone-1995-La-desexualisation.pdf\">Scarfone- La d\u00e9sexualisation.<\/a><\/p>\n\n\n\n<p><a href=\"https:\/\/avecfreud.dscarfone.com\/wp-content\/uploads\/2026\/03\/Scarfone-2024-Traumatisme-subjectivite-et-subjectalite.pdf\">Scarfone- Traumatisme, subjectivit\u00e9 et subjectalit\u00e9.<\/a><\/p>\n\n\n\n<p><a href=\"https:\/\/avecfreud.dscarfone.com\/wp-content\/uploads\/2020\/02\/Simpson-Pens\u00e9e-paradigmatique-chez-Agamben-le-6-janvier-2020.pdf\">Simpson- La pens\u00e9e paradigmatique selon Agamben<\/a><\/p>\n\n\n\n<p><\/p>\n","protected":false},"excerpt":{"rendered":"<p>Note importante-&nbsp;En tant que membres du s\u00e9minaire, vous avez acc\u00e8s aux&nbsp;documents &nbsp;ci-dessous, dont plusieurs sont prot\u00e9g\u00e9s par copyright et par cons\u00e9quent&nbsp;destin\u00e9s \u00e0 un usage&nbsp;strictement personnel, pour le&nbsp;b\u00e9n\u00e9fice&nbsp;de votre travail en s\u00e9minaire.&nbsp;En les consultant, vous vous engagez \u00e0 ne pas les faire circuler en dehors du s\u00e9minaire. Merci! _________________________________________ DOCUMENT AUDIO: ENTRETIEN AVEC MICHEL DE M\u2019UZAN,<a class=\"more-link\" href=\"https:\/\/avecfreud.dscarfone.com\/?page_id=571\">Continue reading <span class=\"screen-reader-text\">\u00ab\u00a0Documents\u00a0\u00bb<\/span><\/a><\/p>\n","protected":false},"author":1,"featured_media":0,"parent":0,"menu_order":0,"comment_status":"closed","ping_status":"closed","template":"","meta":{"footnotes":""},"class_list":["post-571","page","type-page","status-publish","hentry"],"_links":{"self":[{"href":"https:\/\/avecfreud.dscarfone.com\/index.php?rest_route=\/wp\/v2\/pages\/571","targetHints":{"allow":["GET"]}}],"collection":[{"href":"https:\/\/avecfreud.dscarfone.com\/index.php?rest_route=\/wp\/v2\/pages"}],"about":[{"href":"https:\/\/avecfreud.dscarfone.com\/index.php?rest_route=\/wp\/v2\/types\/page"}],"author":[{"embeddable":true,"href":"https:\/\/avecfreud.dscarfone.com\/index.php?rest_route=\/wp\/v2\/users\/1"}],"replies":[{"embeddable":true,"href":"https:\/\/avecfreud.dscarfone.com\/index.php?rest_route=%2Fwp%2Fv2%2Fcomments&post=571"}],"version-history":[{"count":110,"href":"https:\/\/avecfreud.dscarfone.com\/index.php?rest_route=\/wp\/v2\/pages\/571\/revisions"}],"predecessor-version":[{"id":2738,"href":"https:\/\/avecfreud.dscarfone.com\/index.php?rest_route=\/wp\/v2\/pages\/571\/revisions\/2738"}],"wp:attachment":[{"href":"https:\/\/avecfreud.dscarfone.com\/index.php?rest_route=%2Fwp%2Fv2%2Fmedia&parent=571"}],"curies":[{"name":"wp","href":"https:\/\/api.w.org\/{rel}","templated":true}]}}