{"id":2312,"date":"2023-05-09T10:34:01","date_gmt":"2023-05-09T14:34:01","guid":{"rendered":"https:\/\/avecfreud.dscarfone.com\/?page_id=2312"},"modified":"2025-12-02T10:12:29","modified_gmt":"2025-12-02T15:12:29","slug":"articles-en-format-pdf","status":"publish","type":"page","link":"https:\/\/avecfreud.dscarfone.com\/?page_id=2312","title":{"rendered":"Articles en format .pdf"},"content":{"rendered":"\n<p><\/p>\n\n\n\n<p>On trouve ici les textes des articles qui constituent l&rsquo;essentiel du site, mais en version .pdf<\/p>\n\n\n\n<p><strong>AUT. 2025-HIVER 2026<\/strong><\/p>\n\n\n\n<p><a href=\"https:\/\/avecfreud.dscarfone.com\/wp-content\/uploads\/2025\/12\/62-Lentre-deux-dans-le-Projet-de-1895-I.pdf\">62- L&rsquo;ENTRE-DEUX DANS LE PROJET DE 1895- I<\/a><\/p>\n\n\n\n<p><a href=\"https:\/\/avecfreud.dscarfone.com\/wp-content\/uploads\/2025\/10\/61-Lentre-deux-dans-les-Etudes-sur-lhysterie.pdf\">61- L&rsquo;ENTRE-DEUX DANS LES \u00c9TUDES SUR L&rsquo;HYST\u00c9RIE<\/a><\/p>\n\n\n\n<p><a href=\"https:\/\/avecfreud.dscarfone.com\/wp-content\/uploads\/2025\/10\/60-Lentre-deux-dans-la-Conception-des-aphasies-de-S.-Freud.pdf\">60- L&rsquo;ENTRE-DEUX DANS LA CONCEPTION DES APHASIES<\/a><\/p>\n\n\n\n<p><a href=\"https:\/\/avecfreud.dscarfone.com\/wp-content\/uploads\/2025\/09\/59-Lentre-deux.pdf\">59- L&rsquo;ENTRE-DEUX DANS LA PENS\u00c9E FREUDIENNE<\/a><\/p>\n\n\n\n<p><strong>AUT. 2023-HIVER 202<\/strong>5<\/p>\n\n\n\n<p><a href=\"https:\/\/avecfreud.dscarfone.com\/wp-content\/uploads\/2025\/09\/58-A-propos-des-Remarques22-de-Freud-1923.pdf\">58- NOTES SUR \u00ab&nbsp;REMARQUES SUR LA TH\u00c9ORIE ET LA PRATIQUE DE L\u2019INTERPR\u00c9TATION DU R\u00caVE&nbsp;\u00bb<\/a><\/p>\n\n\n\n<p><a href=\"https:\/\/avecfreud.dscarfone.com\/wp-content\/uploads\/2025\/09\/57-Notes-sur-Formulations-sur-les-2-principes.pdf\">57- NOTES SUR \u00ab FORMULATIONS SUR LES DEUX PRINCIPES DE L&rsquo;ADVENIR PSYCHIQUE \u00bb<\/a><\/p>\n\n\n\n<p><a href=\"https:\/\/avecfreud.dscarfone.com\/wp-content\/uploads\/2025\/02\/56-Notes-sur-Complement-metapsy1.pdf\">56- NOTES SUR \u00ab&nbsp;COMPL\u00c9MENT M\u00c9TAPSYCHOLOGIQUE..<\/a>.\u00bb<\/p>\n\n\n\n<p><a href=\"https:\/\/avecfreud.dscarfone.com\/wp-content\/uploads\/2024\/11\/55-Chapitre-VII-F-Inconscient-et-consciene.-Realite.pdf\">55- INCONSCIENT ET CONSCIENCE. R\u00c9ALIT\u00c9.<\/a><\/p>\n\n\n\n<p><a href=\"https:\/\/avecfreud.dscarfone.com\/wp-content\/uploads\/2024\/08\/54-Chap.-VII-E-Pr1aire2aireRefoulement-2.pdf\">54- PROCESSUS PRIMAIRE ET SECONDAIRE. REFOULEMENT.<\/a><\/p>\n\n\n\n<p><a href=\"https:\/\/avecfreud.dscarfone.com\/wp-content\/uploads\/2024\/02\/53-Chap.-VII-D-Reveil-par-le-reve.pdf\">53- R\u00c9VEIL PAR LE R\u00caVE-R\u00caVE D&rsquo;ANGOISSE<\/a><\/p>\n\n\n\n<p><a href=\"https:\/\/avecfreud.dscarfone.com\/wp-content\/uploads\/2024\/01\/52-Chap-VII-C-LACCOMPLISSEMENT-DE-SOUHAIT-2.pdf\">52- SUR L&rsquo;ACCOMPLISSEMENT DE SOUHAIT &#8211; 2<\/a><\/p>\n\n\n\n<p><a href=\"https:\/\/avecfreud.dscarfone.com\/wp-content\/uploads\/2023\/08\/51-Chapittre-VII-C-Accomplissement-de-souhait-1.pdf\">51- SUR L&rsquo;ACCOMPLISSEMENT DE SOUHAIT &#8211; 1<\/a><\/p>\n\n\n\n<p><strong>AUT. 2022-HIVER 2023<\/strong><\/p>\n\n\n\n<p><a href=\"https:\/\/avecfreud.dscarfone.com\/wp-content\/uploads\/2023\/05\/50-Chap.-VII-B-La-regression-3e-partie.pdf\" target=\"_blank\" rel=\"noreferrer noopener\">50- CHAP. VII &#8211; B &#8211; LA R\u00c9GRESSION &#8211; 3<\/a><\/p>\n\n\n\n<p><a href=\"https:\/\/avecfreud.dscarfone.com\/wp-content\/uploads\/2023\/05\/49-Chap.-VII-B-La-regression-2e-partie.pdf\" target=\"_blank\" rel=\"noreferrer noopener\">49- CHAP. VII &#8211; B &#8211; LA R\u00c9GRESSION -2<\/a><\/p>\n\n\n\n<p><a href=\"https:\/\/avecfreud.dscarfone.com\/wp-content\/uploads\/2023\/05\/48.-Chap.-VII-B-La-regression-1ere-partie.pdf\" target=\"_blank\" rel=\"noreferrer noopener\">48- CHAP. VII &#8211; B &#8211; LA R\u00c9GRESSION &#8211; 1<\/a><\/p>\n\n\n\n<p><a href=\"https:\/\/avecfreud.dscarfone.com\/wp-content\/uploads\/2023\/05\/47-Chap.-VII-A-Loubli-des-reves-2.pdf\" target=\"_blank\" rel=\"noreferrer noopener\">47- CHAP. VII &#8211; A &#8211; L&rsquo;OUBLI DES R\u00caVES &#8211; 2<\/a><\/p>\n\n\n\n<p><a href=\"https:\/\/avecfreud.dscarfone.com\/wp-content\/uploads\/2023\/05\/46-Chap.VII-A-Loubli-des-reves-1-Copie-de-travail.pdf\" target=\"_blank\" rel=\"noreferrer noopener\">46- CHAP. VII &#8211; A &#8211; L&rsquo;OUBLI DES R\u00caVES &#8211; 1<\/a><\/p>\n\n\n\n<p><a href=\"https:\/\/avecfreud.dscarfone.com\/wp-content\/uploads\/2023\/05\/45-Chap.VII-PagesIntroductives.pdf\" target=\"_blank\" rel=\"noreferrer noopener\">45- CHAP. VII &#8211; PAGES INTRODUCTIVES<\/a><\/p>\n\n\n\n<p><strong>AUT. 2021-HIVER 2022<\/strong><\/p>\n\n\n\n<p><a href=\"https:\/\/avecfreud.dscarfone.com\/wp-content\/uploads\/2023\/05\/44-LE-TRAVAIL-DE-REVE-I.pdf\" target=\"_blank\" rel=\"noreferrer noopener\">44- CHAP. VI- LE TRAVAIL DE R\u00caVE -I- \u00c9LABORATION SECONDAIRE&nbsp;<\/a><\/p>\n\n\n\n<p><a href=\"https:\/\/avecfreud.dscarfone.com\/wp-content\/uploads\/2023\/05\/43-LE-TRAVAIL-DE-REVE-E-a-H.pdf\" target=\"_blank\" rel=\"noreferrer noopener\">43- CHAP. VI- LE TRAVAIL DE R\u00caVE- E \u00c0 H<\/a><\/p>\n\n\n\n<p><a href=\"https:\/\/avecfreud.dscarfone.com\/wp-content\/uploads\/2023\/05\/42-LE-TRAVAIL-DE-REVE-C-et-D.pdf\" target=\"_blank\" rel=\"noreferrer noopener\">42- CHAP. VI- LE TRAVAIL DE R\u00caVE &#8211; C ET D &#8211; PR\u00c9SENTATION ET PRISEN CONSID\u00c9RATION DE LA PR\u00c9SENTABILIT\u00c9<\/a><\/p>\n\n\n\n<p><a href=\"https:\/\/avecfreud.dscarfone.com\/wp-content\/uploads\/2023\/05\/41-LE-TRAVAIL-DE-REVE-B-Le-deplacement.pdf\" target=\"_blank\" rel=\"noreferrer noopener\">41- CHAP. VI- LE TRAVAIL DE R\u00caVE &#8211; B- LE D\u00c9PLACEMENT<\/a><\/p>\n\n\n\n<p><a href=\"https:\/\/avecfreud.dscarfone.com\/wp-content\/uploads\/2023\/05\/40-LE-TRAVAIL-DE-REVE-A-La-condensation.pdf\" target=\"_blank\" rel=\"noreferrer noopener\">40 &#8211; CHAP. VI &#8211; LE TRAVAIL DE R\u00caVE &#8211; A- LA CONDENSATION<\/a><\/p>\n\n\n\n<p><a href=\"https:\/\/avecfreud.dscarfone.com\/wp-content\/uploads\/2025\/07\/40-AA-Une-breve-recapitulation.pdf\">40A-BR\u00c8VE R\u00c9CAPITULATION<\/a><\/p>\n\n\n\n<p><a href=\"https:\/\/avecfreud.dscarfone.com\/wp-content\/uploads\/2023\/05\/39-MATERIEL-ET-SOURCES-DU-REVE.pdf\" target=\"_blank\" rel=\"noreferrer noopener\">39- CHAP. V- MAT\u00c9RIEL ET SOURCES DU R\u00caVE<\/a><\/p>\n\n\n\n<p><a href=\"https:\/\/avecfreud.dscarfone.com\/wp-content\/uploads\/2023\/05\/38-LA-DEFORMATION-DE-REVE.pdf\" target=\"_blank\" rel=\"noreferrer noopener\">38- CHAP. IV &#8211; LA D\u00c9FORMATION DE R\u00caVE<\/a><\/p>\n\n\n\n<p><a href=\"https:\/\/avecfreud.dscarfone.com\/wp-content\/uploads\/2024\/06\/37-LE-REVE-ACCOMPLISSEMENT-DE-SOUHAIT.pdf\">37- CHAP. III &#8211; LE R\u00caVE, ACCOMPLISSEMENT DE SOUHAIT<\/a><\/p>\n\n\n\n<p><a href=\"https:\/\/avecfreud.dscarfone.com\/wp-content\/uploads\/2025\/09\/36-RELIRE-LINTERPRETATION-DU-REVE.pdf\">36- RELIRE L&rsquo;INTERPR\u00c9TATION DU R\u00caVE<\/a><\/p>\n\n\n\n<p><strong>AUT. 2020-HIVER 2021<\/strong><\/p>\n\n\n\n<p><a href=\"https:\/\/avecfreud.dscarfone.com\/wp-content\/uploads\/2023\/05\/35-PROPOSITIONS-PROVISOIRES.pdf\" target=\"_blank\" rel=\"noreferrer noopener\">35- CINQUANTE PROPOSITIONS PROVISOIRES<\/a><\/p>\n\n\n\n<p><a href=\"https:\/\/avecfreud.dscarfone.com\/wp-content\/uploads\/2023\/05\/34-LA-DOUBLE-LIAISON.pdf\" target=\"_blank\" rel=\"noreferrer noopener\">34- LA DOUBLE LIAISON<\/a><\/p>\n\n\n\n<p><a href=\"https:\/\/avecfreud.dscarfone.com\/wp-content\/uploads\/2023\/05\/33-QUANTITE-ET-CONTRAINTE.pdf\" target=\"_blank\" rel=\"noreferrer noopener\">33- QUANTIT\u00c9 ET CONTRAINTE<\/a><\/p>\n\n\n\n<p><a href=\"https:\/\/avecfreud.dscarfone.com\/wp-content\/uploads\/2023\/05\/32-AFFECT-ET-AFFECTATION.pdf\" target=\"_blank\" rel=\"noreferrer noopener\">32 AFFECT ET AFFECTATION<\/a><\/p>\n\n\n\n<p><a href=\"https:\/\/avecfreud.dscarfone.com\/wp-content\/uploads\/2023\/05\/31-APPROCHES-DU-QUANTITATIF-LINVESTISSEMENT.pdf\" target=\"_blank\" rel=\"noreferrer noopener\">31- L&rsquo;INVESTISSEMENT<\/a><\/p>\n\n\n\n<p><a href=\"https:\/\/avecfreud.dscarfone.com\/wp-content\/uploads\/2023\/05\/30-LE-QUANTITATIF-EN-PSYCHANALYSE.pdf\" target=\"_blank\" rel=\"noreferrer noopener\">30- LE QUANTITATIF EN PSYCHANALYSE<\/a><\/p>\n\n\n\n<p><strong>AUT. 2019-HIVER 2020<\/strong><\/p>\n\n\n\n<p><a href=\"https:\/\/avecfreud.dscarfone.com\/wp-content\/uploads\/2023\/05\/29-CONSTRUCTION-DE-SENS-ET-PSYCHOLOGIE-DE-MASSE.pdf\" target=\"_blank\" rel=\"noreferrer noopener\">29- CONSTRUCTION DE SENS ET PSYCHOLOGIE DE MASSE<\/a><\/p>\n\n\n\n<p><a href=\"https:\/\/avecfreud.dscarfone.com\/wp-content\/uploads\/2023\/05\/28-POUR-VISUALISER-LA-CLOTURE.pdf\" target=\"_blank\" rel=\"noreferrer noopener\">28- POUR VISUALISER LA CL\u00d4TURE.<\/a><\/p>\n\n\n\n<p><a href=\"https:\/\/avecfreud.dscarfone.com\/wp-content\/uploads\/2024\/08\/27-PARADIGME-ET-TRANSDUCTION.-QUANTITE-ET-SENS.-SOLIPSISME-OU-INTERSUBJECTIVITE.pdf\">27- PARADIGME ET TRANSDUCTION. QUANTIT\u00c9 ET SENS. SOLIPSISME OU INTERSUBJECTIVIT\u00c9.<\/a><\/p>\n\n\n\n<p><a href=\"https:\/\/avecfreud.dscarfone.com\/wp-content\/uploads\/2023\/05\/26-LES-QUESTIONS.-ET-LES-REPONSES.-LE-REFOULEMENT-PIERRE-ANGULAIRE.pdf\" target=\"_blank\" rel=\"noreferrer noopener\">26- LES QUESTIONS ET LES R\u00c9PONSES. LE REFOULEMENT, PIERRE ANGULAIRE.<\/a><\/p>\n\n\n\n<p><a href=\"https:\/\/avecfreud.dscarfone.com\/wp-content\/uploads\/2023\/05\/25-LETRE-EN-QUESTION-PERCEPTION-SEDUCTION-TRADUCTION.pdf\" target=\"_blank\" rel=\"noreferrer noopener\">25- L&rsquo;\u00caTRE EN QUESTION: PERCEPTION, S\u00c9DUCTION., TRADUCTION.<\/a><\/p>\n\n\n\n<p><a href=\"https:\/\/avecfreud.dscarfone.com\/wp-content\/uploads\/2023\/05\/24-INTRODUCTION-AU-SEMINAIRE-2019-20.pdf\" target=\"_blank\" rel=\"noreferrer noopener\">24- INTRODUCTION AU S\u00c9MINAIRE 2019-20<\/a><\/p>\n\n\n\n<p><strong>AUT. 2018- HIV. 2019<\/strong><\/p>\n\n\n\n<p><a href=\"https:\/\/avecfreud.dscarfone.com\/wp-content\/uploads\/2023\/05\/23-LA-PSYCHANALYSE-METHODE-PROCEDE-OU-DISCIPLINE.pdf\" target=\"_blank\" rel=\"noreferrer noopener\">23- PSYCHANALYSE: M\u00c9THODE, PROC\u00c9D\u00c9 OU DISCIPLINE?<\/a><\/p>\n\n\n\n<p><a href=\"https:\/\/avecfreud.dscarfone.com\/wp-content\/uploads\/2023\/05\/22-INTRODUCTION-A-LA-SESSION-DAUTOMNE-2018.pdf\" target=\"_blank\" rel=\"noreferrer noopener\">22- INTRODUCTION SESSION D&rsquo;AUTOMNE 2018<\/a><\/p>\n\n\n\n<p><strong>AUT. 2017-HIV. 2018<\/strong><\/p>\n\n\n\n<p><a href=\"https:\/\/avecfreud.dscarfone.com\/wp-content\/uploads\/2023\/05\/21-RECAPITULATION-POUR-CLORE-LE-SEMESTRE-2.pdf\" target=\"_blank\" rel=\"noreferrer noopener\">21- R\u00c9CAPITULATION<\/a><\/p>\n\n\n\n<p><a href=\"https:\/\/avecfreud.dscarfone.com\/wp-content\/uploads\/2023\/05\/20-PSYCHOLOGIE-DE-MASSE-ET-HALLUCINATOIRE-2.pdf\" target=\"_blank\" rel=\"noreferrer noopener\">20- PSYCHOLOGIE DE MASSE ET HALLUCINATOIRE<\/a><\/p>\n\n\n\n<p><a href=\"https:\/\/avecfreud.dscarfone.com\/wp-content\/uploads\/2023\/05\/19-COURTE-DIGRESSION-SUR-LOBJET-EN-PSYCHANALYSE-2.pdf\" target=\"_blank\" rel=\"noreferrer noopener\">19- COURTE DIGRESSION SUR L&rsquo;OBJET EN PSYCHANALYSE<\/a><\/p>\n\n\n\n<p><a href=\"https:\/\/avecfreud.dscarfone.com\/wp-content\/uploads\/2023\/05\/18-RENTREE-DAUTOMNE-2017-LHALLUCINATOIRE-ET-LA-CONSCIENCE-2.pdf\" target=\"_blank\" rel=\"noreferrer noopener\">18- L&rsquo;HALLUCINATOIRE ET LA CONSCIENCE<\/a><\/p>\n\n\n\n<p><strong>AUT. 2016- HIVER 2017<\/strong><\/p>\n\n\n\n<p><a href=\"https:\/\/avecfreud.dscarfone.com\/wp-content\/uploads\/2023\/05\/17-SUR-DEUX-COURTS-TEXTES-DE-FREUD.pdf\" target=\"_blank\" rel=\"noreferrer noopener\">17- SUR DEUX COURTS TEXTES DE FREUD<\/a><\/p>\n\n\n\n<p><a href=\"https:\/\/avecfreud.dscarfone.com\/wp-content\/uploads\/2023\/05\/16-APPROCHES-DE-LHALLUCINATOIRE.pdf\" target=\"_blank\" rel=\"noreferrer noopener\">16- APPROCHES DE L&rsquo;HALLUCINATOIRE<\/a><\/p>\n\n\n\n<p><a href=\"https:\/\/avecfreud.dscarfone.com\/wp-content\/uploads\/2023\/05\/15-ECLAIRCISSEMENTS-NECESSAIRES.pdf\" target=\"_blank\" rel=\"noreferrer noopener\">15- \u00c9CLAIRCISSEMENTS<\/a><\/p>\n\n\n\n<p><a href=\"https:\/\/avecfreud.dscarfone.com\/wp-content\/uploads\/2023\/05\/14-LHALLUCINATOIRE.-POUR-INTRODUIRE-LE-THEME.pdf\" target=\"_blank\" rel=\"noreferrer noopener\">14- POUR INTRODUIRE L&rsquo;HALLUCINATOIRE<\/a><\/p>\n\n\n\n<p><a href=\"https:\/\/avecfreud.dscarfone.com\/wp-content\/uploads\/2023\/05\/13-EN-GUISE-DE-RECAPITULATION-PROCESSUS-ET-HYPOSTASE.pdf\" target=\"_blank\" rel=\"noreferrer noopener\">13- PROCESSUS ET HYPOSTASE<\/a><\/p>\n\n\n\n<p><a href=\"https:\/\/avecfreud.dscarfone.com\/wp-content\/uploads\/2023\/05\/12-PROPOS-DOUVERTURE-AUTOMNE2016-QUEL-USAGE-DE-FREUD.pdf\" target=\"_blank\" rel=\"noreferrer noopener\">12- PROPOS D&rsquo;OUVERTURE AUT. 2016- QUEL USAGE DE FREUD?<\/a><\/p>\n\n\n\n<p><a href=\"https:\/\/avecfreud.dscarfone.com\/wp-content\/uploads\/2023\/05\/11-FANTASME-ET-PROCESSUS-DE-FANTASMATISATION.pdf\" target=\"_blank\" rel=\"noreferrer noopener\">11- FANTASME ET PROCESSUS DE FANTASMATISATION<\/a><\/p>\n\n\n\n<p><strong>HIVER 2016<\/strong><\/p>\n\n\n\n<p><a href=\"https:\/\/avecfreud.dscarfone.com\/wp-content\/uploads\/2023\/05\/10-APPROCHES-DU-SEXUEL-FREUDIEN.-RETOUR-AUX-PULSIONS.pdf\" target=\"_blank\" rel=\"noreferrer noopener\">10- APPROCHES DU SEXUEL FREUDIEN. RETOUR AUX PULSIONS.<\/a><\/p>\n\n\n\n<p><a href=\"https:\/\/avecfreud.dscarfone.com\/wp-content\/uploads\/2024\/02\/9-LE-SEXUEL-AU-SENS-FREUDIEN.pdf\">9- LE SEXUEL AU SENS FREUDIEN<\/a><\/p>\n\n\n\n<p><a href=\"https:\/\/avecfreud.dscarfone.com\/wp-content\/uploads\/2023\/05\/8-LENROULEMENT-DU-MOI-ET-LA-PULSION.pdf\" target=\"_blank\" rel=\"noreferrer noopener\">8- L&rsquo;ENROULEMENT DU MOI ET LA PULSION<\/a><\/p>\n\n\n\n<p><a href=\"https:\/\/avecfreud.dscarfone.com\/wp-content\/uploads\/2023\/05\/7-LE-SEXUEL-INFANTILE-DANS-LES-TROIS-ESSAIS-DE-FREUD.pdf\" target=\"_blank\" rel=\"noreferrer noopener\">7- LE SEXUEL INFANTILE DANS LES TROIS ESSAIS<\/a><\/p>\n\n\n\n<p><a href=\"https:\/\/avecfreud.dscarfone.com\/wp-content\/uploads\/2023\/05\/6-LENROULEMENT.pdf\" target=\"_blank\" rel=\"noreferrer noopener\">6- L&rsquo;ENROULEMENT<\/a><\/p>\n\n\n\n<p><a href=\"https:\/\/avecfreud.dscarfone.com\/wp-content\/uploads\/2023\/05\/5-LA-MISE-A-PLAT.pdf\" target=\"_blank\" rel=\"noreferrer noopener\">5- LA MISE \u00c0 PLAT<\/a><\/p>\n\n\n\n<p><a href=\"https:\/\/avecfreud.dscarfone.com\/wp-content\/uploads\/2023\/05\/4-LE-TRIEB-ET-LE-TROUBLE.pdf\" target=\"_blank\" rel=\"noreferrer noopener\">4- LE <em>TRIEB<\/em> ET LE TROUBLE<\/a><\/p>\n\n\n\n<p><a href=\"https:\/\/avecfreud.dscarfone.com\/wp-content\/uploads\/2023\/05\/3-LES-NOMBREUX-SENS-DE-22TRIEB22.pdf\" target=\"_blank\" rel=\"noreferrer noopener\">3- LES NOMBREUX SENS DU <em>TRIEB<\/em><\/a><\/p>\n\n\n\n<p><a href=\"https:\/\/avecfreud.dscarfone.com\/wp-content\/uploads\/2023\/05\/2-POURQUOI-PARTIR-DE-LA-PULSION.pdf\" target=\"_blank\" rel=\"noreferrer noopener\">2- POURQUOI PARTIR DE LA PULSION?<\/a><\/p>\n\n\n\n<p><a href=\"https:\/\/avecfreud.dscarfone.com\/wp-content\/uploads\/2020\/12\/1-INTRODUCTION-AU-SEMINAIRE-2019-20.pdf\" target=\"_blank\" rel=\"noreferrer noopener\">1-INTRODUCTION AU S\u00c9MINAIRE<\/a><\/p>\n\n\n\n<p><\/p>\n\n\n\n<p><\/p>\n\n\n\n<p><\/p>\n\n\n\n<p><\/p>\n\n\n\n<p><\/p>\n\n\n\n<p><\/p>\n\n\n\n<p><\/p>\n\n\n\n<p><\/p>\n\n\n\n<p><\/p>\n\n\n\n<p><\/p>\n\n\n\n<p><\/p>\n\n\n\n<p><\/p>\n","protected":false},"excerpt":{"rendered":"<p>On trouve ici les textes des articles qui constituent l&rsquo;essentiel du site, mais en version .pdf AUT. 2025-HIVER 2026 62- L&rsquo;ENTRE-DEUX DANS LE PROJET DE 1895- I 61- L&rsquo;ENTRE-DEUX DANS LES \u00c9TUDES SUR L&rsquo;HYST\u00c9RIE 60- L&rsquo;ENTRE-DEUX DANS LA CONCEPTION DES APHASIES 59- L&rsquo;ENTRE-DEUX DANS LA PENS\u00c9E FREUDIENNE AUT. 2023-HIVER 2025 58- NOTES SUR \u00ab&nbsp;REMARQUES SUR<a class=\"more-link\" href=\"https:\/\/avecfreud.dscarfone.com\/?page_id=2312\">Continue reading <span class=\"screen-reader-text\">\u00ab\u00a0Articles en format .pdf\u00a0\u00bb<\/span><\/a><\/p>\n","protected":false},"author":1,"featured_media":0,"parent":0,"menu_order":0,"comment_status":"closed","ping_status":"closed","template":"","meta":{"footnotes":""},"class_list":["post-2312","page","type-page","status-publish","hentry"],"_links":{"self":[{"href":"https:\/\/avecfreud.dscarfone.com\/index.php?rest_route=\/wp\/v2\/pages\/2312","targetHints":{"allow":["GET"]}}],"collection":[{"href":"https:\/\/avecfreud.dscarfone.com\/index.php?rest_route=\/wp\/v2\/pages"}],"about":[{"href":"https:\/\/avecfreud.dscarfone.com\/index.php?rest_route=\/wp\/v2\/types\/page"}],"author":[{"embeddable":true,"href":"https:\/\/avecfreud.dscarfone.com\/index.php?rest_route=\/wp\/v2\/users\/1"}],"replies":[{"embeddable":true,"href":"https:\/\/avecfreud.dscarfone.com\/index.php?rest_route=%2Fwp%2Fv2%2Fcomments&post=2312"}],"version-history":[{"count":34,"href":"https:\/\/avecfreud.dscarfone.com\/index.php?rest_route=\/wp\/v2\/pages\/2312\/revisions"}],"predecessor-version":[{"id":2731,"href":"https:\/\/avecfreud.dscarfone.com\/index.php?rest_route=\/wp\/v2\/pages\/2312\/revisions\/2731"}],"wp:attachment":[{"href":"https:\/\/avecfreud.dscarfone.com\/index.php?rest_route=%2Fwp%2Fv2%2Fmedia&parent=2312"}],"curies":[{"name":"wp","href":"https:\/\/api.w.org\/{rel}","templated":true}]}}